) = -o**3 + 6*o**2 + 12*o - 21. Give n(7).
14
Let d(a) = -a**3 - 4*a**2 + a + 4. Calculate d(-3).
-8
Let p(y) = -y**3 - 22*y**2 - 3*y - 30. Give p(-22).
36
Let o(k) = -2*k + 18. Determine o(11).
-4
Let t(n) = -2*n**2 - 2*n + 23. Give t(-8).
-89
Let s(g) = -2*g**2 + 19*g + 13. Calculate s(10).
3
Let u(z) = -11*z - 5. Determine u(-4).
39
Let h(y) = -22*y + 1. Give h(3).
-65
Let z(n) = -2*n**2 + 8*n + 6. Determine z(5).
-4
Let t(p) = -p**2 - 21*p - 45. Determine t(-19).
-7
Let s(j) = j**2 - 18*j + 62. Determine s(4).
6
Let v(m) = 7*m. Determine v(1).
7
Let u(w) = 4*w - 20. What is u(7)?
8
Let b(i) = -12*i - 3. Give b(-3).
33
Let f(q) = -4*q**2 - 4*q. Calculate f(-2).
-8
Let j(t) = 4*t**2 - 4*t - 3. Determine j(-2).
21
Let t(c) = 7*c - 21. What is t(-13)?
-112
Let p(w) = -w**3 - 4*w**2 - 6*w - 83. Determine p(-6).
25
Let h(o) = 32*o + 172. Give h(-6).
-20
Let h(g) = -3*g**3. Determine h(-1).
3
Let a(p) = -3*p + 16. Determine a(2).
10
Let h(q) = q**2 - 14*q - 39. Give h(17).
12
Let c(q) = q**3 + q**2 - 31*q + 7. Give c(0).
7
Let n(i) = -6*i - 75. Calculate n(-16).
21
Let z(d) = 3*d + 6. Determine z(7).
27
Let c(l) = l**3 + 23*l**2 + 21*l + 33. Calculate c(-22).
55
Let d(h) = h**3 - 9*h**2 + 2*h + 14. Determine d(9).
32
Let w(v) = v**3 + 6*v**2 - 9*v - 8. Determine w(-7).
6
Let i(d) = 44*d**3 + 2*d**2 - 2*d + 1. Give i(1).
45
Let a(q) = q**3 - 9*q**2 + 2*q + 3. Calculate a(6).
-93
Let r(k) = k**2 - 12*k + 24. Give r(11).
13
Let i(f) = 7*f + 8. Determine i(-6).
-34
Let l(g) = -g**2 + 7*g + 121. Calculate l(15).
1
Let l(f) = 5*f**2 + 2*f. What is l(-1)?
3
Let t(b) = -2*b + 1. Determine t(3).
-5
Let r(l) = -l**3 - 15*l**2 - 10*l + 47. Calculate r(-14).
-9
Let f(i) = i**2 - 11. Give f(0).
-11
Let b(g) = g**2 + 5*g - 12. Determine b(-4).
-16
Let b(j) = j**3 + 17*j**2 + 4*j + 35. Give b(-17).
-33
Let y(o) = o + 21. What is y(-6)?
15
Let h(i) = 2*i - 35. Determine h(6).
-23
Let o(d) = -d**2 + 15*d + 11. Determine o(15).
11
Let l(g) = g + 95. What is l(23)?
118
Let g(k) = 3*k**3 + 10*k**2 + 7*k + 4. Determine g(-3).
-8
Let g(h) = 5*h - 4. What is g(-4)?
-24
Let x(d) = d**2 + 5*d - 26. Determine x(5).
24
Let x(g) = -g**3 - 10*g**2. Calculate x(-10).
0
Let w(y) = 24*y**3 - 2*y**2 + 1. Calculate w(1).
23
Let y(c) = -c**3 + 11*c**2 + 7*c + 7. What is y(12)?
-53
Let r(l) = l**3 - 14*l**2 + 14*l - 10. What is r(13)?
3
Let z(t) = -t**3 + 8*t**2 + t - 11. What is z(8)?
-3
Let p(l) = l**3 - 8*l**2 - l + 10. What is p(8)?
2
Let q(s) = -s**2 + 9*s - 18. Calculate q(6).
0
Let q(w) = -w**3 - 12*w**2 + 32*w + 6. What is q(-14)?
-50
Let k(z) = z**3 + z**2 - 2*z + 98. What is k(0)?
98
Let k(b) = -3*b**3 - 2*b**2 + 2*b. Calculate k(-2).
12
Let j(w) = -21*w - 4. Give j(1).
-25
Let b(j) = 168*j + 328. Give b(-2).
-8
Let j(r) = r**2 + 20*r + 45. Give j(-17).
-6
Let q(o) = -o - 8. Calculate q(-9).
1
Let f(c) = -c**3 - 13*c**2 + 13*c - 9. Calculate f(-14).
5
Let n(b) = -b**2 + 2*b + 14. Determine n(6).
-10
Let d(n) = 2*n**3 - 23*n**2 + 12*n - 6. What is d(11)?
5
Let c(j) = -j**2 - 8*j + 7. Determine c(-7).
14
Let z(d) = d**2 + 22*d - 12. Calculate z(-22).
-12
Let i(d) = 6*d - 19. Give i(3).
-1
Let a(z) = -z**3 + 16*z**2 - 14*z + 2. Give a(15).
17
Let w(u) = -u**2 + 4*u + 13. Determine w(7).
-8
Let g(k) = -k**3 - 22*k**2 - 74*k - 16. Give g(-18).
20
Let l(g) = -g**3 - 6*g**2 - 2*g - 8. Determine l(-6).
4
Let q(a) = -14*a - 1. Give q(-3).
41
Let v(q) = -q**3 + 10*q**2 + 11*q - 5. Give v(11).
-5
Let j(i) = -2*i - 17. What is j(-13)?
9
Let r(q) = 10*q - 15. What is r(-3)?
-45
Let o(j) = -j**3 - 21*j**2 - 21*j + 9. Give o(-20).
29
Let p(t) = 5*t + 46. Determine p(-8).
6
Let v(t) = -34*t**3 + 3*t**2 - 2*t. What is v(1)?
-33
Let o(j) = -10*j - 4. Give o(2).
-24
Let r(k) = k**3 + 13*k**2 + 14*k + 21. Give r(-12).
-3
Let k(b) = -b**3 + 4*b**2 + 5*b - 3. Calculate k(4).
17
Let l(k) = k**3 + 2*k**2 + 11. Calculate l(-3).
2
Let m(h) = h**3 + 11*h**2 + 14*h + 9. What is m(-10)?
-31
Let c(y) = 127*y + 11. Calculate c(-1).
-116
Let g(p) = 6*p - 3. Determine g(1).
3
Let b(o) = 8*o. Give b(1).
8
Let w(x) = -140*x - 702. What is w(-5)?
-2
Let t(v) = 15*v - 8. Determine t(2).
22
Let j(q) = 19*q - 17. What is j(7)?
116
Let t(f) = 21*f + 143. What is t(-7)?
-4
Let t(r) = -20*r - 92. What is t(-5)?
8
Let m(b) = -b**3 + 10*b**2 - 4*b + 46. Calculate m(10).
6
Let n(k) = 7*k - 36. Determine n(6).
6
Let t(f) = 8*f**3 + 3*f**2 + f - 1. Give t(-1).
-7
Let w(v) = -5*v**2 - 6*v + 9. Give w(-4).
-47
Let u(y) = y**3 + y**2 + 24. What is u(0)?
24
Let k(v) = -v - 18. Determine k(-19).
1
Let x(v) = v**2 + 14*v - 23. Calculate x(-14).
-23
Let m(i) = -i**3 - 5*i**2 - 3*i - 1. Calculate m(-5).
14
Let t(x) = -21*x - 93. Calculate t(-4).
-9
Let k(b) = 12*b + 126. What is k(-10)?
6
Let g(q) = q**2 + 4*q + 3. Determine g(-1).
0
Let a(i) = -i**3 + 9*i**2 - 9*i + 10. Determine a(8).
2
Let k(r) = r - 4. What is k(2)?
-2
Let n(q) = q**3 + 4*q**2 - 5*q - 7. Give n(-5).
-7
Let d(q) = -q**2 + 12*q. What is d(12)?
0
Let p(h) = 3*h + 15. Give p(-7).
-6
Let m(d) = -38*d**2 + d + 2. What is m(-1)?
-37
Let q(a) = -a**2 - 7*a + 17. Give q(-13).
-61
Let g(l) = -2*l**2 - 39*l + 154. Determine g(-23).
-7
Let g(c) = -c**2 - c + 6. Determine g(-3).
0
Let w(t) = -t**3 - 6*t**2 - 3*t - 6. Determine w(-4).
-26
Let r(a) = -a**2 - 8*a + 11. Calculate r(2).
-9
Let y(w) = 2*w + 71. What is y(-30)?
11
Let m(q) = q**2 + 5*q - 5. What is m(-7)?
9
Let t(g) = 10*g + 126. What is t(-12)?
6
Let t(y) = y**3 + 11*y**2 + 17*y - 12. Calculate t(-9).
-3
Let w(z) = -14*z - 31. Determine w(-2).
-3
Let j(l) = 10*l**2 + 2*l - 1. What is j(1)?
11
Let z(i) = i**3 - 60. Give z(0).
-60
Let b(k) = -2*k**2 + k + 37. Calculate b(5).
-8
Let v(y) = -18*y - 5. Calculate v(4).
-77
Let u(i) = i - 27. Determine u(3).
-24
Let k(w) = -w**3 - 3*w**2 + 6*w + 12. What is k(-3)?
-6
Let w(m) = m**3 + 4*m**2 + 5. Give w(-4).
5
Let w(k) = 2*k + 5. Determine w(1).
7
Let a(p) = p + 22. Determine a(-12).
10
Let h(t) = t + 17. Calculate h(-21).
-4
Let r(g) = g - 11. Calculate r(-11).
-22
Let k(d) = 5*d + 206. What is k(-44)?
-14
Let w(t) = -12*t + 13. What is w(-4)?
61
Let a(n) = -10*n - 6. Give a(5).
-56
Let k(p) = p**2 - p + 70. Determine k(0).
70
Let y(v) = -68*v - 4. Give y(-2).
132
Let n(q) = 4*q + 33. What is n(-17)?
-35
Let a(z) = z**3 - 5*z**2 - 4*z + 4. Calculate a(6).
16
Let s(u) = 13*u - 54. Give s(9).
63
Let u(m) = m**3 + 5*m**2 - 3*m + 7. Calculate u(-6).
-11
Let d(m) = -3*m - 2. Give d(9).
-29
Let r(h) = 13*h**2 - 2. Calculate r(2).
50
Let x(r) = r**2 - 4. Determine x(4).
12
Let w(c) = -2*c**2 + 12*c - 10. Calculate w(2).
6
Let o(a) = -3*a. Calculate o(7).
-21
Let h(a) = 9*a**2 - 36*a - 4. What is h(4)?
-4
Let f(o) = -202*o + 2023. Calculate f(10).
3
Let z(b) = 2*b**3 - 25*b**2 + 19*b - 89. What is z(12)?
-5
Let m(w) = -2*w**2 + 9*w + 36. Calculate m(7).
1
Let x(r) = 30*r + 78. What is x(-3)?
-12
Let o(m) = -m**2 - 23*m + 18. What is o(-13)?
148
Let w(s) = -6*s**2 - 32*s - 6. Calculate w(-5).
4
Let c(s) = 10*s + 43. Calculate c(-8).
-37
Let y(n) = -n**2 + 2*n + 1. Give y(3).
-2
Let y(w) = -2*w**3 + 2*w**2 + 113*w + 6. Determine y(-7).
-1
Let z(g) = 2*g + 33. Calculate z(-8).
17
Let i(y) = -4*y + 30. What is i(6)?
6
Let f(m) = m**2 - 23*m + 52. Give f(20).
-8
Let v(y) = y**3 - 2*y**2 + y - 4. Calculate v(2).
-2
Let t(v) = 26*v + 75. Calculate t(-3).
-3
Let z(v) = v - 1. Determine z(-7).
-8
Let k(v) = -2*v**2 + 5*v + 5. Determine k(-2).
-13
Let h(y) = -5*y + 30. Determine h(3).
15
Let s(q) = -q**2 - 3*q - 1. Give s(4).
-29
Let s(u) = -5*u + 14. Determine s(-6).
44
Let t(j) = -j**3 + 4*j**2 + 23*j - 5. What is t(7)?
9
Let f(j) = j**3 - 14*j**2 + 3*j - 15. What is f(14)?
27
Let t(u) = -3*u + 61. Give t(19).
4
Let w(u) = u**2 - u - 5. What is w(3)?
1
Let z(d) = -d**3 + 6*d**2 - 3*d + 1. Calculate z(6).
-17
Let g(p) = -2*p**2 + 2*p + 11. Give g(5).
-29
Let f(x) = -x**3 + 5*x**2 - 3*x - 11. What is f(4)?
-7
Let o(n) = 2*n**2 - 38*n - 71. Determine o(19).
-71
Let d(i) = -39*i**2 + 11*i + 12. Determine d(-1).
-38
Let n(a) = a**3 - 8*a**2 - 4*a + 6. Determine n(9).
51
Let g(i) = -i**3 + 6*i**2 - 6*i - 3. Determine g(4).
5
Let q(m) = -2*m + 49. Give q(22).
5
Let l(z) = 4*z**2 + 9*z + 10. Give l(-1).
5
Let g(n) = -n**3 - n**2 - 7*n - 5. What is g(-1)?
2
Let r(k) = -85*k - 171. C